hat is the units digit of c?
4
Suppose 3*d + 35 = 116. Suppose d = 4*n + 3. What is the units digit of n?
6
Let f = 3 + -4. Let d = f - -9. Suppose -o - o = -d, 5*r = 4*o - 1. What is the units digit of r?
3
Suppose 2*p - 22 + 9 = c, -4*p + 5*c + 41 = 0. Suppose 68 = p*q + 4*y, -14 = 2*q + 5*y - 60. What is the tens digit of q?
1
Let o(v) = v**2 - 19*v - 13. What is the units digit of o(20)?
7
Let j(k) = -k - 5. Let n be j(-9). Suppose -m - m + n = 0. What is the units digit of m?
2
Let f(x) = -2*x**2 + 6*x. Let h be f(4). Let v = h - -10. What is the units digit of (2/(-3))/(v/(-39))?
3
Let r = 9 - 18. Let m = -6 - r. What is the units digit of m?
3
Let w(m) = -3*m - 7*m - 15*m + 1 + m. Let l be w(-1). Suppose 0 = -5*j + 3*a + l, -7*a - 15 = -5*j - 2*a. What is the units digit of j?
8
Suppose 0 = -d - 3 + 4. Suppose 1 = -q + 4*s - d, -5*q = s - 32. What is the units digit of q?
6
Let g be (6 - (-2 - -3))/(5/2). Let q = -1 - 0. What is the tens digit of 13/((1 - g)*q)?
1
Let x = 115 + -76. What is the units digit of x?
9
Suppose 2*h = -3*h - 5*c + 65, 0 = -5*c - 15. Let x = 22 - h. What is the units digit of x?
6
Let v(c) = -c + 4. Let q = 8 - 6. Let u(a) = a**2 - a. Let w be u(q). What is the units digit of v(w)?
2
Suppose 5*a + 1 = -4. Let y = 4 + a. What is the units digit of (-2)/y + 14/3?
4
Suppose -3*n = 6, -2*l = -6*l + 4*n + 232. What is the units digit of l?
6
Let t be (-2)/(-4) + 60/8. Let w be t/20 + 2/(-5). Suppose 2 = 2*v - 0*v - 2*l, w = l - 5. What is the units digit of v?
6
Let s(k) = -k**3 - k**2 + 3*k + 3. What is the units digit of s(-4)?
9
Let f(n) be the third derivative of n**5/60 + n**4/12 + n**3/3 + n**2. Let r = 3 + -6. What is the units digit of f(r)?
5
Let i(b) = -b - 8. Let h be i(-11). Let z = 1 - h. What is the units digit of (6/(-4))/(z/12)?
9
Let z = -208 + 346. What is the units digit of z?
8
Suppose -20 = -9*c + 4*c. Suppose j - c*j = -75. What is the tens digit of j?
2
Suppose 3 = -3*q - 4*i - 13, -q - 6 = 2*i. Let b(w) = 4*w - 1 + 3 + w**2 - 1. What is the units digit of b(q)?
1
Suppose 15 = m + 5*g, -4*m + 24 - 2 = g. Suppose 5*l + 23 = n, -4 = m*l + 16. What is the units digit of n?
3
Let i(w) = -w**2 + 4*w + 6. Suppose b - 7 = 3*u - 5*u, 2*b = -6. What is the units digit of i(u)?
1
Let b = -3 + 6. Suppose -b*p - 24 = -5*p. What is the units digit of p?
2
Suppose -3*t = t - 24. Suppose a - t = 2. What is the units digit of a?
8
Let f(h) = -h**3 - 9*h**2 + 4*h - 10. Let i be f(-10). Suppose 4*k - 4*n - 46 = -2*n, 5*k = n + i. What is the units digit of k?
9
Let b(a) = -a**3 - 9*a**2 - 8*a + 4. Let o be 8*(-2)/((-8)/(-4)). What is the units digit of b(o)?
4
Let t(z) = 5*z**2 + 33*z + 14. What is the hundreds digit of t(-11)?
2
Let g be 66 + -8 - 2*1. Suppose 3*k - 2*m = g, 0 = -4*m - 2 - 14. What is the units digit of k?
6
Let d = -7 + 12. Let f(l) = -5 - l**2 + 4 - 10*l - 4 - d. What is the units digit of f(-8)?
6
Suppose -15 = 5*p, -2*y - 5*p = 33 + 28. Let a = y + 39. What is the tens digit of a?
1
What is the tens digit of ((-5)/((-20)/18))/(6/280)?
1
Suppose -5*u + 39 = -336. What is the tens digit of u?
7
Suppose 5*o + x - 170 = 0, 2*x + 49 + 66 = 3*o. What is the units digit of o?
5
Suppose p - 2*g = 3*p - 10, 0 = 4*p - g - 45. What is the units digit of p?
0
Suppose -4*d = d. Let s(c) = 5*c + 1. Let v be s(1). Let w = v - d. What is the units digit of w?
6
Suppose -z = -l + 1, 5*z - 7 = -2*l + l. Let i be (-1)/(-2)*-4 + l. Suppose i = -4*j + 3*j + 3. What is the units digit of j?
3
Let k = -10 + 12. Suppose q - k*q + 3 = f, q + 3 = 5*f. What is the units digit of (24/20)/(f/5)?
6
Suppose v + 3 = -3. Let x be ((-3)/(-2))/(v/(-20)). Suppose -10 = -0*m - x*m. What is the units digit of m?
2
Suppose -5*j = 5*s - 20, 3 = -4*j - 1. Suppose s*z - 30 = 2*z. What is the units digit of z?
0
Suppose 3*c - 3 = -5*d + 4, -11 = -4*d + 3*c. Suppose d*q = 8, -3*q - 10 = 3*j - 4*q. What is the units digit of (-2 - j) + (-2)/(-2)?
1
Let f(u) = -u**2 - u + 2. Let m be f(0). Suppose -m = 4*z + 2. What is the units digit of -1 - 0 - (z - 9)?
9
Let m = -4 - -7. Suppose 2*x - v = 22, -v = -2*x + m*v + 22. What is the tens digit of x?
1
Suppose -4*y - 15 = -y. Let c = y + 8. Suppose 0 = v - 4*x + c, 0 = -3*x - 0*x + 12. What is the units digit of v?
3
Let j(k) = 3*k**3 - 3*k**3 - k**3 + 12 + 8*k**2 + 8*k. Let t be j(9). Suppose 8 = x - d, t*d = 5*x + 4*d - 52. What is the units digit of x?
0
Let a be (-4)/10 + 132/(-20). Let b(n) = -n + 3. What is the tens digit of b(a)?
1
Let d = 816 - 528. What is the tens digit of d?
8
Let i = 38 - 3. What is the tens digit of i?
3
Let d(r) be the second derivative of -r**4/12 + 5*r**3/3 - r**2/2 - r. Let z be d(9). Let f(j) = j**3 - 7*j**2 - 8*j + 2. What is the units digit of f(z)?
2
Suppose 0 = -11*t + 6*t + 200. What is the units digit of t?
0
Let z = 0 + 5. Suppose z*n - 2*c + 7 = -c, -5*n - 5*c = 25. What is the tens digit of (14 + -1 + n)*1?
1
Let d(g) = 4*g - 4. Let o(j) = -j**3 - 7*j**2 + 7*j - 11. Let i be o(-8). Let y be (-11)/i + 4/(-6). What is the units digit of d(y)?
8
Let c(i) = i**3 - 9*i**2 - 9*i + 9. What is the tens digit of c(10)?
1
Suppose 2*y + 26 = 166. What is the units digit of y?
0
Let d(w) = -w**2 + 1. Let f be d(1). Suppose -3*z + 1 = 4, -o + 4*z + 30 = f. Suppose 44 = 5*y + 2*i, -4*i = -4*y - i + o. What is the units digit of y?
8
Let l be -32*((-28)/8)/7. Let g(j) = -j**2 + 9*j + 6. Let m be g(6). Let a = m - l. What is the units digit of a?
8
Suppose -478 = 5*j + 47. What is the tens digit of 4/2*j/(-6)?
3
Let j = 111 - 59. What is the tens digit of j?
5
Let n(z) = z**3 - 2*z**2 + z + 62. What is the tens digit of n(0)?
6
Suppose -4*m - 30 = -7*m. Let o = m + -1. Suppose -9 = -3*d + o. What is the units digit of d?
6
Suppose 0 = 5*a - 1 - 34. What is the units digit of a?
7
Let i = 109 + -33. What is the tens digit of i?
7
Let k(z) = 11*z**2 + 2*z - 1. Let r be k(1). What is the units digit of (22 + 6)*r/14?
4
Suppose -4 + 19 = 5*x. Suppose 2*v = x*v - 2. Suppose v*y + 0*y = 8. What is the units digit of y?
4
Let s(n) = -2*n - 9. Let d be s(-6). Let t = -2 - d. What is the units digit of 12 + (-1 - 2 - t)?
4
Let u(p) = p. Suppose -5*k - 3*m = 6 - 40, -4*k + 4*m + 40 = 0. What is the units digit of u(k)?
8
Let p = 3 + -13. Let a be ((-4)/p)/(2/(-10)). Let m(g) = g + 4. What is the units digit of m(a)?
2
Suppose 6*a - 133 = 131. What is the tens digit of a?
4
Let s(c) be the third derivative of -c**5/60 - 5*c**4/24 - c**3/3 - c**2. Let h be s(-5). What is the units digit of (-4)/(-1) - (h + 1)?
5
What is the units digit of (-348)/(-20) + (-6)/(-10)?
8
Let q = 296 - 31. What is the hundreds digit of q?
2
Let b(y) = -6*y - 3. What is the tens digit of b(-7)?
3
Suppose -5*j - 4*x = 306, 0 = -0*j + 4*j + 5*x + 252. Let m = j - -86. What is the tens digit of m?
2
Let j be 26/(-4)*(-8 - -2). Let x = j + -24. What is the units digit of x?
5
Suppose 2*x + 3*x = -5. Let i be -2*((1 - 2) + x). Suppose -i*l = -0*l - 44. What is the units digit of l?
1
What is the hundreds digit of (2/3)/((-8)/22896*-6)?
3
Let u be ((-3)/(-3))/(2/86). Suppose 124 = 3*g - 3*c + u, 0 = -4*g + 2*c + 114. What is the units digit of g?
0
Suppose 71 = 5*t - 4*o, -t - 3*o = t - 10. Let i = -5 + t. What is the units digit of i?
6
Suppose 2*l = 5*m - 0*l - 303, 188 = 3*m + 5*l. Let y = -39 + m. What is the units digit of y?
2
Suppose 4*r = f + 9 + 5, -5*f + 4*r - 6 = 0. Let z be (-3 - -4) + f - 89. What is the tens digit of 1/2 - z/4?
2
Let v be 2*((-5)/(-2) - 2). Let y be -3*(v + 7/(-3)). Suppose y + 3 = s. What is the units digit of s?
7
Suppose -p = -0*p + 18. Let q = p + 34. What is the units digit of q?
6
Let x be (3 - 2)/(-1)*-7. What is the units digit of x + -2 - 1*-2?
7
Let b = -14 + 58. Suppose 5*p - b = -3*r, -2*p + 1 + 7 = -2*r. What is the units digit of p?
7
Let b(m) = -m**3 + 5*m + 6. What is the tens digit of b(-4)?
5
Let k(o) = 2*o**2 + 5*o - 20. What is the hundreds digit of k(7)?
1
Let j be 25/5*(-4)/10. Let z = 14 + j. What is the units digit of z?
2
Suppose 5*d + 24 = -4*j, -2*d + 0*j - 5 = -3*j. Let n = d + 6. What is the units digit of n + (-3)/(-1) + 0?
5
Suppose -p - 3 = -5. Suppose 0 = 3*h - p*h - 11. What is the tens digit of h?
1
Suppose 0 = 8*j - 22*j + 1946. Wh